{"id":805,"date":"2022-10-04T12:28:27","date_gmt":"2022-10-04T15:28:27","guid":{"rendered":"https:\/\/cmch-bue.infd.edu.ar\/sitio\/?page_id=805"},"modified":"2023-09-13T12:41:53","modified_gmt":"2023-09-13T15:41:53","slug":"planes-de-estudio","status":"publish","type":"page","link":"https:\/\/cmch-bue.infd.edu.ar\/sitio\/planes-de-estudio\/","title":{"rendered":"Profesorado en M\u00fasica orientaci\u00f3n INSTRUMENTO &#8211; CANTO en M\u00daSICA POPULAR"},"content":{"rendered":"\n<p>Profesorado en M\u00fasica orientaci\u00f3n INSTRUMENTO \u2013 CANTO en M\u00daSICA POPULAR &#8211; <strong>Resoluci\u00f3n 13234\/99<\/strong><\/p>\n\n\n\n<p><strong>DURACI\u00d3N<\/strong> &#8211; 4 a\u00f1os<\/p>\n\n\n\n<p class=\"has-contrast-color has-text-color\"><strong>REQUISITOS DE INGRESO<br><\/strong>NIVEL MEDIO O POLIMODAL COMPLETO<br>SEGUNDO NIVEL O SEGUNDO A\u00d1O DEL CICLO MEDIO DE LA FORMACI\u00d3N B\u00c1SICA EN M\u00daSICA POPULAR COMPLETO (VER R\u00c9GIMEN DE CORRELATIVIDADES)<\/p>\n\n\n\n<p><strong>T\u00cdTULO<\/strong> &#8211; Profesor en M\u00fasica (Orientaci\u00f3n Instrumento \u2013 Canto (M\u00fasica Popular)<\/p>\n\n\n\n<p>DISE\u00d1O CURRICULAR<\/p>\n\n\n\n<figure class=\"wp-block-table\"><table><tbody><tr><td><strong>A\u00f1o<\/strong><\/td><td><strong>Campos de Formaci\u00f3n<\/strong><\/td><td><strong>N\u00ba<\/strong><\/td><td><strong>Asignaturas<\/strong><\/td><td><strong>Horas<\/strong><\/td><\/tr><tr><td>1\u00ba<\/td><td><strong>Espacio de la fundamentaci\u00f3n pedag\u00f3gica<\/strong><\/td><td>1<\/td><td>Perspectiva Filos\u00f3fico \u2013 Pedag\u00f3gica I<\/td><td>64<\/td><\/tr><tr><td><\/td><td><\/td><td>2<\/td><td>Perspectiva Pedag\u00f3gico -Did\u00e1ctica I<\/td><td>64<\/td><\/tr><tr><td><\/td><td><\/td><td>3<\/td><td>Perspectiva Sociopol\u00edtica<\/td><td>64<\/td><\/tr><tr><td><\/td><td><strong>Espacio de la especializaci\u00f3n por niveles<\/strong><\/td><td>4<\/td><td>Psicolog\u00eda y Cultura en la Educaci\u00f3n<\/td><td>64<\/td><\/tr><tr><td><\/td><td><strong>Espacio de orientaci\u00f3n \u2013 \u00c1rea de Producci\u00f3n<\/strong><\/td><td>5<\/td><td>Instrumento Canto I &#8211; g\u00e9nero<\/td><td>32<\/td><\/tr><tr><td><\/td><td><\/td><td>6<\/td><td>Instrumento &#8211;  Canto I &#8211; g\u00e9nero complementario I<\/td><td> 32<\/td><\/tr><tr><td><\/td><td><\/td><td>7<\/td><td>Instrumento &#8211;  Canto I &#8211; g\u00e9nero complementario II<\/td><td>32<\/td><\/tr><tr><td><\/td><td><\/td><td>8<\/td><td>Instrumento arm\u00f3nico I<\/td><td>32<\/td><\/tr><tr><td><\/td><td><\/td><td>9<\/td><td>Pr\u00e1ctico de Conjunto vocal e instrumental<\/td><td>64<\/td><\/tr><tr><td><\/td><td><\/td><td>10<\/td><td>Taller de Trabajo Corporal<\/td><td>64<\/td><\/tr><tr><td><\/td><td><strong>Espacio de orientaci\u00f3n \u2013 \u00c1rea de Lenguaje \u2013 Recepci\u00f3n<\/strong><\/td><td>11<\/td><td>Elementos T\u00e9cnicos de la M\u00fasica I<\/td><td>128<\/td><\/tr><tr><td><\/td><td><strong>Espacio de orientaci\u00f3n \u2013 \u00c1reas de vinculaciones contextuales.<\/strong><\/td><td>12<\/td><td>Historio de la M\u00fasica I<\/td><td>64<\/td><\/tr><tr><td><\/td><td>Formaci\u00f3n \u00c9tica, Mundo contempor\u00e1neo<\/td><td><\/td><td>atraviesan todos los espacios<\/td><td><\/td><\/tr><tr><td><\/td><td><\/td><td><\/td><td>Espacio de la Pr\u00e1ctica Docente I<\/td><td>64<\/td><\/tr><tr><td><strong>2\u00ba<\/strong><\/td><td><strong>Espacio de la fundamentaci\u00f3n pedag\u00f3gica<\/strong><\/td><td>13<\/td><td>Perspectiva Filos\u00f3fico \u2013 Pedag\u00f3gica II<\/td><td>64<\/td><\/tr><tr><td><\/td><td><\/td><td>14<\/td><td>Perspectiva Pedag\u00f3gico \u2013 Did\u00e1ctica II<\/td><td>64<\/td><\/tr><tr><td><\/td><td><strong>Espacio de la especializaci\u00f3n por niveles<\/strong><\/td><td>15<\/td><td>Psicolog\u00eda y Cultura en la ni\u00f1ez<\/td><td>64<\/td><\/tr><tr><td><\/td><td><strong>Espacio de orientaci\u00f3n \u2013 \u00c1rea de Producci\u00f3n<\/strong><\/td><td>16<\/td><td>Instrumento Canto II<\/td><td>64<\/td><\/tr><tr><td><\/td><td><\/td><td>17<\/td><td>Instrumento arm\u00f3nico II<\/td><td>32<\/td><\/tr><tr><td><\/td><td><\/td><td>18<\/td><td>Pr\u00e1ctica de conjunto del g\u00e9nero I<\/td><td>64<\/td><\/tr><tr><td><\/td><td><strong>Espacio de orientaci\u00f3n \u2013 \u00c1rea de Lenguaje Recepci\u00f3n<\/strong><\/td><td>20<\/td><td>Elementos T\u00e9cnicos del g\u00e9nero I<\/td><td>128<\/td><\/tr><tr><td><\/td><td><strong>\u00c1rea de Vinculaciones Contextuales<\/strong><\/td><td>21<\/td><td>Historia de la M\u00fasica II<\/td><td>64<\/td><\/tr><tr><td><\/td><td>Espacios Institucionales<\/td><td>22<\/td><td>Taller de R\u00edtmica<\/td><td>96<\/td><\/tr><tr><td><\/td><td>Formaci\u00f3n \u00c9tica, Mundo contempor\u00e1neo<\/td><td><\/td><td>atraviesan todos los espacios<\/td><td><\/td><\/tr><tr><td><\/td><td><\/td><td><\/td><td>Espacio de la Pr\u00e1ctica Docente II<\/td><td><\/td><\/tr><tr><td>3\u00ba<\/td><td><strong>Espacio de la fundamentaci\u00f3n<\/strong><\/td><td><\/td><td>Perspectiva Filos\u00f3fico \u2013 Pedag\u00f3gica Did\u00e1ctica<\/td><td>64<\/td><\/tr><tr><td><\/td><td><\/td><td><\/td><td>Perspectiva Pol\u00edtico Institucional<\/td><td>64<\/td><\/tr><tr><td><\/td><td><strong>Espacio de la especializaci\u00f3n por niveles<\/strong><\/td><td><\/td><td>Psicolog\u00eda y Cultura en la juventud y la adultez<\/td><td>64<\/td><\/tr><tr><td><\/td><td><strong>Espacio de orientaci\u00f3n \u2013 \u00c1rea de Producci\u00f3n<\/strong><\/td><td><\/td><td> Instrumento Canto III<\/td><td>64<\/td><\/tr><tr><td><\/td><td><\/td><td><\/td><td>Pr\u00e1ctica de Conjunto del G\u00e9nero II<\/td><td>64<\/td><\/tr><tr><td><\/td><td><\/td><td><\/td><td>Ac\u00fastica<\/td><td>64<\/td><\/tr><tr><td><\/td><td><strong>Espacio de orientaci\u00f3n \u2013 \u00c1rea de Lenguaje \u2013 Recepci\u00f3n<\/strong><\/td><td><\/td><td>Elementos T\u00e9cnicos del G\u00e9nero II<\/td><td>128<\/td><\/tr><tr><td><\/td><td><strong>Espacio de orientaci\u00f3n \u2013 \u00c1rea de Vinculaciones Contextuales<\/strong><\/td><td><\/td><td>Historia del G\u00e9nero<\/td><td>64<\/td><\/tr><tr><td><\/td><td><\/td><td><\/td><td>M\u00fasica Latinoamericana I<\/td><td>64<\/td><\/tr><tr><td><\/td><td><strong>Espacio de designaci\u00f3n Institucional<\/strong><\/td><td><\/td><td>EDI<\/td><td>32<\/td><\/tr><tr><td><\/td><td>Formaci\u00f3n \u00c9tica, Mundo Contempor\u00e1neo<\/td><td><\/td><td>atraviesan todos los espacios<\/td><td><\/td><\/tr><tr><td><\/td><td><\/td><td><\/td><td>Espacio de la Pr\u00e1ctica Docente III<\/td><td><\/td><\/tr><tr><td>4\u00ba<\/td><td><strong>Espacio de la orientaci\u00f3n<\/strong><\/td><td><\/td><td><\/td><td><\/td><\/tr><tr><td><\/td><td><strong>\u00c1rea de Producci\u00f3n<\/strong><\/td><td><\/td><td>Instrumento &#8211; Canto de G\u00e9nero IV<\/td><td>64<\/td><\/tr><tr><td><\/td><td><\/td><td><\/td><td> Pr\u00e1ctica de Conjunto del G\u00e9nero III<\/td><td>64<\/td><\/tr><tr><td><\/td><td><\/td><td><\/td><td>Medios Electroac\u00fasticos<\/td><td>64<\/td><\/tr><tr><td><\/td><td><strong>Espacio de orientaci\u00f3n \u2013 \u00c1rea de Lenguaje \u2013 Recepci\u00f3n<\/strong><\/td><td><\/td><td>Arreglos Vocales e Instrumentales<\/td><td>128<\/td><\/tr><tr><td><\/td><td><strong>Espacio de orientaci\u00f3n \u2013 \u00c1rea de Vinculaciones Contextuales<\/strong><\/td><td><\/td><td>Elementos T\u00e9cnicos del G\u00e9nero III<\/td><td>64<\/td><\/tr><tr><td><\/td><td><\/td><td><\/td><td>M\u00fasica Latinoamericana II<\/td><td>64<\/td><\/tr><tr><td><\/td><td><\/td><td><\/td><td>Medios Audiovisuales<\/td><td>64<\/td><\/tr><tr><td><\/td><td><strong>Espacios Institucionales<\/strong><\/td><td><\/td><td>An\u00e1lisis de las Vanguardias del Siglo XX<\/td><td>64<\/td><\/tr><tr><td><\/td><td>Formaci\u00f3n \u00e9tica, Mundo Contempor\u00e1neo<\/td><td><\/td><td>atraviesan todos los espacios<\/td><td><\/td><\/tr><tr><td><\/td><td><\/td><td><\/td><td>Espacio de la Pr\u00e1ctica Docente IV<\/td><td>64<\/td><\/tr><\/tbody><\/table><\/figure>\n\n\n\n<p><strong>T\u00edtulo: Profesor en M\u00fasica (Orientaci\u00f3n Instrumento &#8211;  Canto M\u00fasica Popular)<\/strong><\/p>\n\n\n\n<p class=\"has-text-align-center has-large-font-size\"><strong>CORRELATIVIDADES&nbsp;<\/strong><\/p>\n\n\n\n<p><strong>PROFESORADO EN M\u00daSICA (Orientaci\u00f3n INSTRUMENTO \u2013 CANTO en M\u00daSICA POPULAR)&nbsp;<\/strong><\/p>\n\n\n\n<p class=\"has-text-align-center\"><strong>1er. A\u00d1O&nbsp;<\/strong><\/p>\n\n\n\n<figure class=\"wp-block-table\"><table class=\"has-fixed-layout\"><tbody><tr><td>2do. Nivel Formaci\u00f3n B\u00e1sica (Instrumento \u2013 Canto M\u00fasica Popular) <strong>ESPACIO CURRICULAR&nbsp;<\/strong><\/td><td><strong>Requisitos para cursar:&nbsp;<\/strong> (Acreditados al comienzo del Ciclo Lectivo o en condiciones de compensar hasta julio-agosto, por ser correlativos)&nbsp;<\/td><\/tr><tr><td>Perspectiva Filos\u00f3fico-Pedag\u00f3gica I&nbsp;<\/td><td>Formaci\u00f3n B\u00e1sica completa&nbsp;<\/td><\/tr><tr><td>Perspectiva Pedag\u00f3gico-Did\u00e1ctica I&nbsp;<\/td><td>Formaci\u00f3n B\u00e1sica completa&nbsp;<\/td><\/tr><tr><td>Perspectiva Socio-Pol\u00edtica&nbsp;<\/td><td>Formaci\u00f3n B\u00e1sica completa&nbsp;<\/td><\/tr><tr><td>Psicolog\u00eda y Cultura en la Educaci\u00f3n&nbsp;<\/td><td>Formaci\u00f3n B\u00e1sica completa&nbsp;<\/td><\/tr><tr><td>Instrumento \u2013 Canto I del g\u00e9nero&nbsp;<\/td><td>Instrumento \u2013 Canto III (Formaci\u00f3n B\u00e1sica M\u00fasica Popular)&nbsp; Lenguaje Musical (M\u00f3dulo 6) (Formaci\u00f3n B\u00e1sica)&nbsp;<\/td><\/tr><tr><td>Instrumento \u2013 Canto del g\u00e9nero complementario 1&nbsp;<\/td><td>Instrumento \u2013 Canto III (Formaci\u00f3n B\u00e1sica M\u00fasica Popular)&nbsp; Lenguaje Musical (M\u00f3dulo 6) (Formaci\u00f3n B\u00e1sica)&nbsp;<\/td><\/tr><tr><td>Instrumento \u2013 Canto del g\u00e9nero complementario 2&nbsp;<\/td><td>Instrumento \u2013 Canto III (Formaci\u00f3n B\u00e1sica M\u00fasica Popular)&nbsp; Lenguaje Musical (M\u00f3dulo 6) (Formaci\u00f3n B\u00e1sica)&nbsp;<\/td><\/tr><tr><td>Instrumento arm\u00f3nico I&nbsp;<\/td><td>Instrumento arm\u00f3nico (Formaci\u00f3n B\u00e1sica)&nbsp;<\/td><\/tr><tr><td>Pr\u00e1ctica de Conjunto Vocal e Instrumental&nbsp;<\/td><td>Instrumento III (Formaci\u00f3n B\u00e1sica M\u00fasica Popular)\u00a0 <strong>Lenguaje Musical (M\u00f3dulo 6) (Formaci\u00f3n B\u00e1sica M\u00fasica Popular)\u00a0<\/strong> <br>Apreciaci\u00f3n Musical del Lenguaje del Jazz (Formaci\u00f3n B\u00e1sica M\u00fasica Popular)\u00a0 Apreciaci\u00f3n Musical del Lenguaje del Folklore (Formaci\u00f3n B\u00e1sica M\u00fasica Popular)\u00a0 Apreciaci\u00f3n Musical del Lenguaje del Tango (Formaci\u00f3n B\u00e1sica M\u00fasica Popular)\u00a0 Pr\u00e1ctica de Conjunto Vocal e Instrumental II (Formaci\u00f3n B\u00e1sica M\u00fasica Popular)\u00a0<\/td><\/tr><tr><td>Taller de Trabajo Corporal&nbsp;<\/td><\/tr><tr><td>Elementos T\u00e9cnicos de la M\u00fasica I&nbsp;<\/td><td>Instrumento arm\u00f3nico (Formaci\u00f3n B\u00e1sica)&nbsp; Lenguaje Musical (M\u00f3dulo 6) (Formaci\u00f3n B\u00e1sica)&nbsp;<\/td><\/tr><tr><td>Historia de la M\u00fasica I&nbsp;<\/td><td>Lenguaje Musical (M\u00f3dulo 6) (Formaci\u00f3n B\u00e1sica)&nbsp;<\/td><\/tr><tr><td>Espacio de la Practica Docente I&nbsp;<\/td><td>Formaci\u00f3n B\u00e1sica completa&nbsp;<\/td><\/tr><\/tbody><\/table><\/figure>\n\n\n\n<p class=\"has-text-align-center\"><strong>2do. A\u00d1O&nbsp;<\/strong><\/p>\n\n\n\n<figure class=\"wp-block-table\"><table class=\"has-fixed-layout\"><tbody><tr><td>Formaci\u00f3n B\u00e1sica (Instrumento \u2013 Canto M\u00fasica Popular) completa <strong>ESPACIO CURRICULAR&nbsp;<\/strong><\/td><td>Requisitos para cursar:&nbsp; (Acreditados al comienzo del Ciclo Lectivo o en condiciones de compensar hasta julio-agosto, por ser correlativos)&nbsp;<\/td><\/tr><tr><td>Perspectiva Filos\u00f3fico-Pedag\u00f3gica II&nbsp;<\/td><td>Perspectiva Filos\u00f3fico-Pedag\u00f3gica I&nbsp;<\/td><\/tr><tr><td>Perspectiva Pedag\u00f3gico-Did\u00e1ctica II&nbsp;<\/td><td>Perspectiva Pedag\u00f3gico-Did\u00e1ctica I&nbsp; Espacio de la Pr\u00e1ctica Docente I&nbsp;<\/td><\/tr><tr><td>Psicolog\u00eda y Cultura en la ni\u00f1ez&nbsp;<\/td><td>Psicolog\u00eda y Cultura en la Educaci\u00f3n&nbsp;<\/td><\/tr><tr><td>Instrumento \u2013 Canto II del g\u00e9nero&nbsp;<\/td><td>Instrumento \u2013 Canto del g\u00e9nero I\u00a0&#8211;  Elementos T\u00e9cnicos de la M\u00fasica I\u00a0 Historia de la M\u00fasica I\u00a0<\/td><\/tr><tr><td>Instrumento arm\u00f3nico II&nbsp;<\/td><td>Instrumento arm\u00f3nico I\u00a0 &#8211; Elementos T\u00e9cnicos de la M\u00fasica I\u00a0<\/td><\/tr><tr><td>Pr\u00e1ctica de conjunto del g\u00e9nero I&nbsp;<\/td><td>Pr\u00e1ctica de conjunto vocal e instrumental Instrumento \u2013 Canto del g\u00e9nero I&nbsp;<\/td><\/tr><tr><td>Elementos T\u00e9cnicos del G\u00e9nero I&nbsp;<\/td><td>Elementos T\u00e9cnicos de la M\u00fasica I\u00a0 &#8211; Historia de la M\u00fasica I\u00a0 Instrumento arm\u00f3nico\u00a0<\/td><\/tr><tr><td>Historia de la M\u00fasica II&nbsp;<\/td><td>Historia de la M\u00fasica I\u00a0 &#8211; Elementos T\u00e9cnicos de la M\u00fasica I\u00a0<\/td><\/tr><tr><td>Espacio de la Practica Docente II&nbsp;<\/td><td>1er. a\u00f1o completo&nbsp;<\/td><\/tr><\/tbody><\/table><\/figure>\n\n\n\n<p class=\"has-text-align-center\"><strong>3er A\u00d1O<\/strong><\/p>\n\n\n\n<figure class=\"wp-block-table\"><table class=\"has-fixed-layout\"><tbody><tr><td><strong>3er. A\u00d1O <\/strong><strong>ESPACIO CURRICULAR&nbsp;<\/strong><\/td><td><strong>Requisitos para cursar:&nbsp;<\/strong> (Acreditados al comienzo del Ciclo Lectivo o en condiciones de compensar hasta julio-agosto, por ser correlativos)&nbsp;<\/td><\/tr><tr><td>Perspectiva Filos\u00f3fico-Pedag\u00f3gica &#8211; Did\u00e1ctica&nbsp;<\/td><td>Perspectiva Filos\u00f3fico-Pedag\u00f3gica II\u00a0 &#8211; Perspectiva Pedag\u00f3gico-Did\u00e1ctica II\u00a0 &#8211; Psicolog\u00eda y Cultura del sujeto que aprende I\u00a0<\/td><\/tr><tr><td>Perspectiva Pol\u00edtico-Institucional&nbsp;<\/td><td>Perspectiva Socio-pol\u00edtica&nbsp;<\/td><\/tr><tr><td>Psicolog\u00eda y Cultura en la juventud y adultez&nbsp;<\/td><td>Psicolog\u00eda y Cultura en la ni\u00f1ez&nbsp;<\/td><\/tr><tr><td>Instrumento \u2013 Canto del G\u00e9nero III&nbsp;<\/td><td>Instrumento \u2013 Canto del G\u00e9nero II\u00a0 &#8211; Pr\u00e1ctica de Conjunto del G\u00e9nero I\u00a0 &#8211; Elementos T\u00e9cnicos del G\u00e9nero II\u00a0 &#8211; Taller de Trabajo Corporal\u00a0<\/td><\/tr><tr><td>Pr\u00e1ctica de Conjunto del G\u00e9nero II&nbsp;<\/td><td>Pr\u00e1ctica de Conjunto del G\u00e9nero I\u00a0 &#8211; Instrumento \u2013 Canto del G\u00e9nero II\u00a0 &#8211; <br>Elementos T\u00e9cnicos de la M\u00fasica I\u00a0<\/td><\/tr><tr><td>Ac\u00fastica&nbsp;<\/td><\/tr><tr><td>Elementos T\u00e9cnicos del G\u00e9nero II&nbsp;<\/td><td>Elementos T\u00e9cnicos del G\u00e9nero I\u00a0&#8211; Historia de la M\u00fasica II\u00a0<\/td><\/tr><tr><td>Historia del G\u00e9nero&nbsp;<\/td><td>Historia de la M\u00fasica II\u00a0 &#8211; Elementos T\u00e9cnicos del G\u00e9nero I\u00a0<\/td><\/tr><tr><td>M\u00fasica Latinoamericana I&nbsp;<\/td><td>Historia de la M\u00fasica II\u00a0 &#8211; Elementos T\u00e9cnicos del G\u00e9nero I\u00a0<\/td><\/tr><tr><td>Espacio de la Practica Docente III&nbsp;<\/td><td>2do. A\u00f1o completo&nbsp;<\/td><\/tr><\/tbody><\/table><\/figure>\n\n\n\n<p class=\"has-text-align-center\"><strong>4to A\u00d1O<\/strong><\/p>\n\n\n\n<figure class=\"wp-block-table\"><table class=\"has-fixed-layout\"><tbody><tr><td><strong>4to. A\u00d1O <\/strong><strong>ESPACIO CURRICULAR&nbsp;<\/strong><\/td><td><strong>Requisitos para cursar:&nbsp;<\/strong> (Acreditados al comienzo del Ciclo Lectivo o en condiciones de compensar hasta julio-agosto, por ser correlativos)&nbsp;<\/td><\/tr><tr><td>Instrumento \u2013 Canto del G\u00e9nero IV&nbsp;<\/td><td>Instrumento\u2013 Canto del G\u00e9nero III<br>Conjunto de C\u00e1mara II<br>Elementos T\u00e9cnicos de M\u00fasica III<br>Historia de la M\u00fasica III<br>Taller de M\u00fasica Popular\u00a0<\/td><\/tr><tr><td>Pr\u00e1ctica de Conjunto del G\u00e9nero III&nbsp;<\/td><td>Pr\u00e1ctica de Conjunto del G\u00e9nero II\u00a0 <br>Instrumento \u2013 Canto del G\u00e9nero III<br>Elementos T\u00e9cnicos del G\u00e9nero I<br>Historia del G\u00e9nero\u00a0<\/td><\/tr><tr><td>Medios Electroac\u00fasticos&nbsp;<\/td><td>Ac\u00fastica&nbsp;<\/td><\/tr><tr><td>Arreglos Vocales e Instrumentales&nbsp;<\/td><td>Elementos T\u00e9cnicos del G\u00e9nero II<br>Pr\u00e1ctica de Conjunto del G\u00e9nero II\u00a0<\/td><\/tr><tr><td>Elementos T\u00e9cnicos del G\u00e9nero III&nbsp;<\/td><td>Elementos T\u00e9cnicos del G\u00e9nero II<br>Historia del G\u00e9nero\u00a0<\/td><\/tr><tr><td>M\u00fasica Latinoamericana II&nbsp;<\/td><td>Historia del G\u00e9nero<br>Elementos T\u00e9cnicos del G\u00e9nero II\u00a0<\/td><\/tr><tr><td>Medios Audiovisuales&nbsp;<\/td><td>Historia del G\u00e9nero&nbsp;<\/td><\/tr><tr><td>Espacio de la Practica Docente IV&nbsp;<\/td><td>3er. A\u00f1o completo&nbsp;<\/td><\/tr><\/tbody><\/table><\/figure>\n\n\n\n<p><\/p>\n","protected":false},"excerpt":{"rendered":"<p>Profesorado en M\u00fasica orientaci\u00f3n INSTRUMENTO \u2013 CANTO en M\u00daSICA POPULAR &#8211; Resoluci\u00f3n 13234\/99 DURACI\u00d3N &#8211; 4 a\u00f1os REQUISITOS DE INGRESONIVEL MEDIO O POLIMODAL COMPLETOSEGUNDO NIVEL O SEGUNDO A\u00d1O DEL CICLO MEDIO DE LA FORMACI\u00d3N B\u00c1SICA EN M\u00daSICA POPULAR COMPLETO (VER R\u00c9GIMEN DE CORRELATIVIDADES) T\u00cdTULO &#8211; Profesor en M\u00fasica (Orientaci\u00f3n Instrumento \u2013 Canto (M\u00fasica Popular) DISE\u00d1O &#8230; <a title=\"Profesorado en M\u00fasica orientaci\u00f3n INSTRUMENTO &#8211; CANTO en M\u00daSICA POPULAR\" class=\"read-more\" href=\"https:\/\/cmch-bue.infd.edu.ar\/sitio\/planes-de-estudio\/\" aria-label=\"More on Profesorado en M\u00fasica orientaci\u00f3n INSTRUMENTO &#8211; CANTO en M\u00daSICA POPULAR\">[+]<\/a><\/p>\n","protected":false},"author":20,"featured_media":0,"parent":0,"menu_order":0,"comment_status":"closed","ping_status":"closed","template":"","meta":[],"acf":[],"_links":{"self":[{"href":"https:\/\/cmch-bue.infd.edu.ar\/sitio\/wp-json\/wp\/v2\/pages\/805"}],"collection":[{"href":"https:\/\/cmch-bue.infd.edu.ar\/sitio\/wp-json\/wp\/v2\/pages"}],"about":[{"href":"https:\/\/cmch-bue.infd.edu.ar\/sitio\/wp-json\/wp\/v2\/types\/page"}],"author":[{"embeddable":true,"href":"https:\/\/cmch-bue.infd.edu.ar\/sitio\/wp-json\/wp\/v2\/users\/20"}],"replies":[{"embeddable":true,"href":"https:\/\/cmch-bue.infd.edu.ar\/sitio\/wp-json\/wp\/v2\/comments?post=805"}],"version-history":[{"count":8,"href":"https:\/\/cmch-bue.infd.edu.ar\/sitio\/wp-json\/wp\/v2\/pages\/805\/revisions"}],"predecessor-version":[{"id":895,"href":"https:\/\/cmch-bue.infd.edu.ar\/sitio\/wp-json\/wp\/v2\/pages\/805\/revisions\/895"}],"wp:attachment":[{"href":"https:\/\/cmch-bue.infd.edu.ar\/sitio\/wp-json\/wp\/v2\/media?parent=805"}],"curies":[{"name":"wp","href":"https:\/\/api.w.org\/{rel}","templated":true}]}}