{"id":779,"date":"2018-09-25T12:05:55","date_gmt":"2018-09-25T15:05:55","guid":{"rendered":"https:\/\/cmch-bue.infd.edu.ar\/sitio\/?page_id=779"},"modified":"2023-11-29T11:46:16","modified_gmt":"2023-11-29T14:46:16","slug":"tecnicatura-instrumento","status":"publish","type":"page","link":"https:\/\/cmch-bue.infd.edu.ar\/sitio\/tecnicatura-instrumento\/","title":{"rendered":"Tecnicatura en Capacitaci\u00f3n Instrumental"},"content":{"rendered":"\n<p class=\"has-medium-font-size\"><strong>DURACION<\/strong> : 2 A\u00d1OS &#8211; 4 A\u00d1OS<\/p>\n\n\n\n<p><strong>REQUISITOS DE INGRESO<\/strong><br>Tercer a\u00f1o aprobado de Educaci\u00f3n Secundaria (Secundaria b\u00e1sica completa)<br>Segundo nivel o segundo a\u00f1o del Ciclo Medio de la Formaci\u00f3n B\u00e1scia en M\u00fasica COMPLETO<br>(Ver r\u00e9gimen de correlatividades del espacio de la orientaci\u00f3n del Profesorado en Instrumento).<\/p>\n\n\n\n<p><strong>T\u00cdTULO<\/strong><br><em><strong>Instrumentista<\/strong><\/em><br><strong><em>Instrumentista Superior<\/em><\/strong><\/p>\n\n\n\n<p class=\"has-text-align-center has-medium-font-size\"><strong>DISE\u00d1O CURRICULAR<\/strong><\/p>\n\n\n\n<p><strong>PRIMER A\u00d1O<\/strong><\/p>\n\n\n\n<figure class=\"wp-block-table\"><table class=\"has-fixed-layout\"><tbody><tr><td><strong>\u00c1rea de Producci\u00f3n<\/strong><\/td><td><strong>N\u00ba<\/strong><\/td><td><strong>Asignaturas<\/strong><\/td><td><strong>Horas<\/strong><\/td><\/tr><tr><td><\/td><td>1<\/td><td>Instrumento I<\/td><td>32<\/td><\/tr><tr><td><\/td><td>2<\/td><td>Instrumento arm\u00f3nico<\/td><td>32<\/td><\/tr><tr><td><\/td><td>3<\/td><td>Conjunto de C\u00e1mara I<\/td><td>32<\/td><\/tr><tr><td><\/td><td>4<\/td><td>Espacio Institucional alternativo I<\/td><td>64<\/td><\/tr><tr><td><\/td><td>5<\/td><td>Trabajo Taller corporal<\/td><td>64<\/td><\/tr><tr><td><strong>\u00c1rea del Lenguaje Musical<\/strong><\/td><td>6<\/td><td>Elementos T\u00e9cnicos de la M\u00fasica I<\/td><td>128<\/td><\/tr><tr><td><strong>\u00c1rea de Recepci\u00f3n y Vinculaciones contextuales<\/strong><\/td><td>7<\/td><td>Historia de la M\u00fasica I<\/td><td>64<\/td><\/tr><\/tbody><\/table><\/figure>\n\n\n\n<p><\/p>\n\n\n\n<p><strong>SEGUNDO A\u00d1O<\/strong><\/p>\n\n\n\n<figure class=\"wp-block-table\"><table class=\"has-fixed-layout\"><tbody><tr><td><strong>\u00c1rea de Producci\u00f3n<\/strong><\/td><td><strong>N\u00ba<\/strong><\/td><td><strong>Asignaturas<\/strong><\/td><td><strong>Horas<\/strong><\/td><\/tr><tr><td><\/td><td>1<\/td><td>Instrumento II<\/td><td>64<\/td><\/tr><tr><td><\/td><td>2<\/td><td>Conjunto de C\u00e1mara II<\/td><td>32<\/td><\/tr><tr><td><\/td><td>3<\/td><td>Espacio Institucional alternativo II<\/td><td>64<\/td><\/tr><tr><td><\/td><td>4<\/td><td>Taller de M\u00fasica Popular<\/td><td>64<\/td><\/tr><tr><td><strong>\u00c1rea del Lenguaje Musical<\/strong><\/td><td>5<\/td><td>Elementos T\u00e9cnicos de la M\u00fasica II<\/td><td>128<\/td><\/tr><tr><td><strong>\u00c1rea de Recepci\u00f3n y Vinculaciones contextuales<\/strong><\/td><td>6<\/td><td>Historia de la M\u00fasica II<\/td><td>64<\/td><\/tr><tr><td><strong>Espacio Institucional<\/strong><\/td><td>7<\/td><td>Taller de R\u00edtmica<\/td><td>64<\/td><\/tr><\/tbody><\/table><\/figure>\n\n\n\n<p><\/p>\n\n\n\n<p><strong>TERCER A\u00d1O<\/strong><\/p>\n\n\n\n<figure class=\"wp-block-table\"><table class=\"has-fixed-layout\"><tbody><tr><td><strong>\u00c1rea de Producci\u00f3n<\/strong><\/td><td><strong>N\u00ba<\/strong><\/td><td><strong>Asignaturas<\/strong><\/td><td><strong>Horas<\/strong><\/td><\/tr><tr><td><\/td><td>1<\/td><td>Instrumento III<\/td><td>64<\/td><\/tr><tr><td><\/td><td>2<\/td><td>Conjunto de C\u00e1mara III<\/td><td>32<\/td><\/tr><tr><td><\/td><td>3<\/td><td>Ac\u00fastica<\/td><td>64<\/td><\/tr><tr><td><\/td><td>4<\/td><td>T\u00e9cnicas de Improvisaci\u00f3n<\/td><td>64<\/td><\/tr><tr><td><strong>\u00c1rea del Lenguaje Recepci\u00f3n<\/strong><\/td><td>5<\/td><td>Elementos T\u00e9cnicos de la M\u00fasica III<\/td><td>128<\/td><\/tr><tr><td><strong>\u00c1rea deVinculaciones contextuales<\/strong><\/td><td>6<\/td><td>Historia de la M\u00fasica III<\/td><td>64<\/td><\/tr><tr><td><strong>Espacios Institucionales<\/strong><\/td><td>7<\/td><td>Taller de Teatro Musical<\/td><td>64<\/td><\/tr><\/tbody><\/table><\/figure>\n\n\n\n<p><strong>CUARTO A\u00d1O<\/strong><\/p>\n\n\n\n<figure class=\"wp-block-table\"><table class=\"has-fixed-layout\"><tbody><tr><td><strong>\u00c1rea de Producci\u00f3n<\/strong><\/td><td><strong>N\u00ba<\/strong><\/td><td><strong>Asignaturas<\/strong><\/td><td><strong>Horas<\/strong><\/td><\/tr><tr><td><\/td><td>1<\/td><td>Instrumento IV<\/td><td>64<\/td><\/tr><tr><td><\/td><td>2<\/td><td>Conjunto de C\u00e1mara IV<\/td><td>32<\/td><\/tr><tr><td><\/td><td>3<\/td><td>Medios Electroac\u00fasticos<\/td><td>64<\/td><\/tr><tr><td><strong>\u00c1rea del Lenguaje &#8211; Recepci\u00f3n<\/strong><\/td><td>4<\/td><td>Elementos T\u00e9cnicos de la M\u00fasica IV<\/td><td>128<\/td><\/tr><tr><td><strong>\u00c1rea de Vinculaciones contextuales<\/strong><\/td><td>5<\/td><td>Historia de la M\u00fasica Argentina y Latinoamericana<\/td><td>64<\/td><\/tr><tr><td><\/td><td>6<\/td><td>Literatura<\/td><td>64<\/td><\/tr><tr><td><\/td><td>7<\/td><td>Artes Visuales<\/td><td>64<\/td><\/tr><tr><td><strong>Espacio Institucional<\/strong><\/td><td>8<\/td><td>Espacio Institucional<\/td><td>64<\/td><\/tr><\/tbody><\/table><\/figure>\n\n\n\n<p>T\u00edtulo:<strong> Instrumentista Superior<\/strong><\/p>\n","protected":false},"excerpt":{"rendered":"<p>DURACION : 2 A\u00d1OS &#8211; 4 A\u00d1OS REQUISITOS DE INGRESOTercer a\u00f1o aprobado de Educaci\u00f3n Secundaria (Secundaria b\u00e1sica completa)Segundo nivel o segundo a\u00f1o del Ciclo Medio de la Formaci\u00f3n B\u00e1scia en M\u00fasica COMPLETO(Ver r\u00e9gimen de correlatividades del espacio de la orientaci\u00f3n del Profesorado en Instrumento). T\u00cdTULOInstrumentistaInstrumentista Superior DISE\u00d1O CURRICULAR PRIMER A\u00d1O \u00c1rea de Producci\u00f3n N\u00ba Asignaturas &#8230; <a title=\"Tecnicatura en Capacitaci\u00f3n Instrumental\" class=\"read-more\" href=\"https:\/\/cmch-bue.infd.edu.ar\/sitio\/tecnicatura-instrumento\/\" aria-label=\"More on Tecnicatura en Capacitaci\u00f3n Instrumental\">[+]<\/a><\/p>\n","protected":false},"author":20,"featured_media":0,"parent":0,"menu_order":0,"comment_status":"closed","ping_status":"closed","template":"","meta":[],"acf":[],"_links":{"self":[{"href":"https:\/\/cmch-bue.infd.edu.ar\/sitio\/wp-json\/wp\/v2\/pages\/779"}],"collection":[{"href":"https:\/\/cmch-bue.infd.edu.ar\/sitio\/wp-json\/wp\/v2\/pages"}],"about":[{"href":"https:\/\/cmch-bue.infd.edu.ar\/sitio\/wp-json\/wp\/v2\/types\/page"}],"author":[{"embeddable":true,"href":"https:\/\/cmch-bue.infd.edu.ar\/sitio\/wp-json\/wp\/v2\/users\/20"}],"replies":[{"embeddable":true,"href":"https:\/\/cmch-bue.infd.edu.ar\/sitio\/wp-json\/wp\/v2\/comments?post=779"}],"version-history":[{"count":10,"href":"https:\/\/cmch-bue.infd.edu.ar\/sitio\/wp-json\/wp\/v2\/pages\/779\/revisions"}],"predecessor-version":[{"id":934,"href":"https:\/\/cmch-bue.infd.edu.ar\/sitio\/wp-json\/wp\/v2\/pages\/779\/revisions\/934"}],"wp:attachment":[{"href":"https:\/\/cmch-bue.infd.edu.ar\/sitio\/wp-json\/wp\/v2\/media?parent=779"}],"curies":[{"name":"wp","href":"https:\/\/api.w.org\/{rel}","templated":true}]}}